 192.
16
Calculate the greatest common factor of 912 and 1008.
48
Calculate the highest common factor of 14 and 8309.
7
Calculate the greatest common divisor of 7138 and 498.
166
Calculate the greatest common divisor of 90 and 48.
6
What is the greatest common divisor of 1 and 169?
1
What is the highest common divisor of 5 and 85?
5
What is the highest common divisor of 5 and 865?
5
What is the highest common factor of 231 and 1122?
33
Calculate the highest common factor of 444 and 24.
12
What is the greatest common divisor of 138 and 126822?
138
Calculate the highest common factor of 1105 and 34.
17
Calculate the highest common factor of 72 and 63.
9
What is the greatest common factor of 1746 and 18?
18
Calculate the greatest common divisor of 215 and 8385.
215
What is the highest common divisor of 3999 and 1860?
93
Calculate the highest common factor of 4129 and 1.
1
Calculate the greatest common divisor of 15 and 11.
1
What is the greatest common factor of 28951 and 221?
221
What is the highest common factor of 7725 and 30?
15
What is the highest common factor of 119 and 14?
7
What is the greatest common factor of 91 and 21?
7
What is the highest common divisor of 36 and 2412?
36
Calculate the greatest common divisor of 26 and 247.
13
What is the highest common factor of 216 and 63?
9
Calculate the highest common divisor of 18 and 81.
9
Calculate the greatest common divisor of 42 and 336.
42
Calculate the highest common factor of 4646 and 303.
101
Calculate the highest common divisor of 230 and 40.
10
Calculate the highest common divisor of 498 and 42.
6
Calculate the greatest common factor of 2860 and 176.
44
Calculate the greatest common divisor of 488 and 8.
8
Calculate the highest common factor of 28 and 1708.
28
What is the greatest common factor of 759 and 33?
33
Calculate the greatest common factor of 174 and 638.
58
Calculate the greatest common factor of 10 and 6.
2
What is the greatest common divisor of 2889 and 1177?
107
What is the highest common divisor of 204 and 36?
12
What is the greatest common factor of 34 and 646?
34
What is the greatest common divisor of 88 and 1276?
44
Calculate the highest common divisor of 18 and 108.
18
What is the greatest common factor of 7812 and 36?
36
Calculate the highest common factor of 1592 and 30646.
398
What is the greatest common divisor of 152 and 95?
19
What is the greatest common factor of 39 and 17771?
13
What is the greatest common divisor of 3048 and 216?
24
What is the highest common divisor of 1326 and 408?
102
What is the greatest common factor of 24 and 492?
12
Calculate the greatest common factor of 1508 and 52.
52
What is the highest common factor of 80 and 64?
16
What is the greatest common factor of 32 and 1?
1
What is the highest common factor of 16670 and 40?
10
Calculate the highest common factor of 13312 and 26.
26
Calculate the greatest common factor of 9 and 576.
9
What is the highest common factor of 2132 and 52?
52
What is the greatest common divisor of 43962 and 153?
51
Calculate the greatest common divisor of 980 and 20.
20
Calculate the highest common divisor of 32 and 552.
8
Calculate the highest common divisor of 343 and 21.
7
Calculate the highest common factor of 782 and 34.
34
What is the greatest common factor of 144 and 1476?
36
Calculate the greatest common divisor of 533 and 260.
13
What is the highest common divisor of 354 and 192?
6
Calculate the highest common factor of 206 and 10.
2
What is the highest common factor of 280 and 6580?
140
Calculate the greatest common divisor of 3007 and 97.
97
What is the greatest common factor of 128 and 13808?
16
What is the greatest common factor of 279 and 186?
93
What is the greatest common factor of 98 and 3598?
14
Calculate the greatest common factor of 16 and 61.
1
What is the greatest common divisor of 40 and 110?
10
What is the highest common factor of 704 and 44?
44
What is the highest common factor of 72 and 48?
24
What is the greatest common factor of 18 and 1?
1
Calculate the highest common divisor of 118 and 9617.
59
What is the highest common factor of 1208 and 8?
8
Calculate the greatest common divisor of 2321 and 11.
11
What is the greatest common divisor of 48 and 32?
16
Calculate the highest common divisor of 272 and 1224.
136
Calculate the greatest common factor of 339 and 3.
3
Calculate the greatest common factor of 2316 and 24.
12
Calculate the greatest common divisor of 8 and 248.
8
Calculate the greatest common factor of 2660 and 285.
95
Calculate the highest common factor of 66 and 528.
66
Calculate the highest common divisor of 15035 and 97.
97
Calculate the highest common factor of 10 and 115.
5
What is the highest common divisor of 9 and 207?
9
Calculate the greatest common divisor of 812 and 290.
58
Calculate the greatest common factor of 68 and 102.
34
Calculate the highest common divisor of 3 and 192.
3
What is the greatest common divisor of 83 and 8383?
83
What is the greatest common divisor of 33800 and 200?
200
What is the greatest common factor of 54 and 54?
54
Calculate the highest common divisor of 76 and 6422.
38
What is the highest common factor of 13880 and 8?
8
What is the highest common factor of 56 and 91?
7
Calculate the highest common factor of 49 and 14.
7
Calculate the highest common divisor of 9 and 509.
1
What is the greatest common divisor of 137 and 411?
137
Calculate the highest common factor of 12879 and 486.
243
What is the greatest common factor of 11 and 3014?
11
Calculate the highest common factor of 438 and 11680.
146
What is the highest common divisor of 234 and 8073?
117
What is the highest common factor of 145 and 13891?
29
Calculate the highest common factor of 798 and 152.
38
Calculate the highest common factor of 913 and 1411.
83
Calculate the greatest common divisor of 6854 and 46.
46
Calculate the highest common divisor of 210 and 7455.
105
Calculate the highest common factor of 64 and 20.
4
Calculate the greatest common factor of 38 and 361.
19
Calculate the greatest common factor of 14 and 15337.
7
What is the highest common factor of 810 and 50?
10
Calculate the highest common factor of 7440 and 32.
16
Calculate the greatest common factor of 8 and 2.
2
Calculate the highest common divisor of 48 and 36.
12
What is the greatest common divisor of 118 and 59?
59
What is the highest common factor of 66 and 154?
22
Calculate the greatest common divisor of 59 and 1829.
59
Calculate the highest common divisor of 400 and 500.
100
Calculate the highest common factor of 351 and 1638.
117
What is the highest common factor of 150 and 48?
6
Calculate the greatest common divisor of 1292 and 68.
68
Calculate the highest common divisor of 25 and 125.
25
What is the greatest common factor of 216 and 459?
27
What is the highest common divisor of 2 and 7?
1
What is the highest common divisor of 90 and 1395?
45
What is the highest common divisor of 78 and 8996?
26
What is the highest common divisor of 7 and 833?
7
Calculate the greatest common divisor of 2028 and 195.
39
What is the greatest common divisor of 2 and 9026?
2
Calculate the highest common factor of 54 and 126.
18
Calculate the greatest common divisor of 8 and 236.
4
Calculate the highest common factor of 20 and 115.
5
Calculate the greatest common divisor of 1 and 64.
1
Calculate the greatest common divisor of 11 and 21.
1
What is the highest common factor of 156 and 104?
52
What is the greatest common divisor of 3 and 717?
3
What is the highest common divisor of 376 and 235?
47
Calculate the highest common divisor of 87 and 9309.
87
What is the greatest common factor of 648 and 135?
27
What is the greatest common factor of 93 and 2511?
93
What is the highest common divisor of 12112 and 16?
16
What is the highest common factor of 190 and 76?
38
Calculate the greatest common divisor of 1862 and 304.
38
Calculate the highest common factor of 238 and 42.
14
Calculate the greatest common divisor of 110 and 320.
10
What is the highest common factor of 81 and 9?
9
Calculate the highest common factor of 35011 and 157.
157
Calculate the greatest common factor of 6 and 669.
3
Calculate the greatest common divisor of 564 and 372.
12
Calculate the greatest common divisor of 14 and 4102.
14
What is the highest comm